{"id":2895,"date":"2024-10-16T12:01:39","date_gmt":"2024-10-16T10:01:39","guid":{"rendered":"https:\/\/casascostacalida.com\/invernar-en-espana\/"},"modified":"2025-05-28T13:54:54","modified_gmt":"2025-05-28T11:54:54","slug":"invernar-en-espana","status":"publish","type":"page","link":"https:\/\/casascostacalida.com\/es\/invernar-en-espana\/","title":{"rendered":"Invernar en Espa\u00f1a"},"content":{"rendered":"\t\t<div data-elementor-type=\"wp-page\" data-elementor-id=\"2895\" class=\"elementor elementor-2895 elementor-1427\" data-elementor-post-type=\"page\">\n\t\t\t\t\t\t<section class=\"elementor-section elementor-top-section elementor-element elementor-element-fa5fcbb elementor-section-boxed elementor-section-height-default elementor-section-height-default\" data-id=\"fa5fcbb\" data-element_type=\"section\" data-e-type=\"section\" data-settings=\"{&quot;background_background&quot;:&quot;classic&quot;}\">\n\t\t\t\t\t\t\t<div class=\"elementor-background-overlay\"><\/div>\n\t\t\t\t\t\t\t<div class=\"elementor-container elementor-column-gap-default\">\n\t\t\t\t\t<div class=\"elementor-column elementor-col-100 elementor-top-column elementor-element elementor-element-6f89845\" data-id=\"6f89845\" data-element_type=\"column\" data-e-type=\"column\">\n\t\t\t<div class=\"elementor-widget-wrap elementor-element-populated\">\n\t\t\t\t\t\t\t<\/div>\n\t\t<\/div>\n\t\t\t\t\t<\/div>\n\t\t<\/section>\n\t\t\t\t<section class=\"elementor-section elementor-top-section elementor-element elementor-element-63aa3b4 elementor-section-boxed elementor-section-height-default elementor-section-height-default\" data-id=\"63aa3b4\" data-element_type=\"section\" data-e-type=\"section\">\n\t\t\t\t\t\t<div class=\"elementor-container elementor-column-gap-default\">\n\t\t\t\t\t<div class=\"elementor-column elementor-col-100 elementor-top-column elementor-element elementor-element-db5bf12\" data-id=\"db5bf12\" data-element_type=\"column\" data-e-type=\"column\">\n\t\t\t<div class=\"elementor-widget-wrap elementor-element-populated\">\n\t\t\t\t\t\t<div class=\"elementor-element elementor-element-d80b921 elementor-widget elementor-widget-text-editor\" data-id=\"d80b921\" data-element_type=\"widget\" data-e-type=\"widget\" data-widget_type=\"text-editor.default\">\n\t\t\t\t<div class=\"elementor-widget-container\">\n\t\t\t\t\t\t\t\t\t<p>La costa espa\u00f1ola, y en particular la Costa C\u00e1lida, es un lugar ideal para pasar el invierno. La temperatura en la Costa C\u00e1lida es muy agradable. La temperatura media durante todo el a\u00f1o es de 18,6 \u00baC. Gracias a las buenas condiciones clim\u00e1ticas, puedes disfrutar de la hermosa naturaleza de la zona durante todo el a\u00f1o. Desde las hermosas playas e impresionantes rocas hasta la belleza de la Sierra de Espu\u00f1a. En Mazarr\u00f3n y sus alrededores encontrar\u00e1s los espacios naturales m\u00e1s bellos.     <\/p><p>Los amantes de la cultura tambi\u00e9n est\u00e1n en el lugar adecuado. Hay muchos lugares culturales maravillosos cerca de Mazarr\u00f3n que merece la pena visitar. Desde Murcia, con todas sus influencias moriscas, hasta la ciudad portuaria de Cartagena, de 3.000 a\u00f1os de antig\u00fcedad.  <\/p><p>Escapa del fr\u00edo de Holanda y disfruta del agradable clima.  <br>Pregunta por nuestras atractivas tarifas para estancias largas.<\/p>\t\t\t\t\t\t\t\t<\/div>\n\t\t\t\t<\/div>\n\t\t\t\t\t<\/div>\n\t\t<\/div>\n\t\t\t\t\t<\/div>\n\t\t<\/section>\n\t\t\t\t<section class=\"elementor-section elementor-top-section elementor-element elementor-element-263945f elementor-section-boxed elementor-section-height-default elementor-section-height-default\" data-id=\"263945f\" data-element_type=\"section\" data-e-type=\"section\" data-settings=\"{&quot;background_background&quot;:&quot;classic&quot;}\">\n\t\t\t\t\t\t\t<div class=\"elementor-background-overlay\"><\/div>\n\t\t\t\t\t\t\t<div class=\"elementor-container elementor-column-gap-default\">\n\t\t\t\t\t<div class=\"elementor-column elementor-col-100 elementor-top-column elementor-element elementor-element-01a6064\" data-id=\"01a6064\" data-element_type=\"column\" data-e-type=\"column\">\n\t\t\t<div class=\"elementor-widget-wrap elementor-element-populated\">\n\t\t\t\t\t\t<div class=\"elementor-element elementor-element-dbc1aa9 elementor-widget elementor-widget-heading\" data-id=\"dbc1aa9\" data-element_type=\"widget\" data-e-type=\"widget\" data-widget_type=\"heading.default\">\n\t\t\t\t<div class=\"elementor-widget-container\">\n\t\t\t\t\t<h2 class=\"elementor-heading-title elementor-size-default\">Reserva tu estancia<\/h2>\t\t\t\t<\/div>\n\t\t\t\t<\/div>\n\t\t\t\t<div class=\"elementor-element elementor-element-b989b3d elementor-widget elementor-widget-text-editor\" data-id=\"b989b3d\" data-element_type=\"widget\" data-e-type=\"widget\" data-widget_type=\"text-editor.default\">\n\t\t\t\t<div class=\"elementor-widget-container\">\n\t\t\t\t\t\t\t\t\t<p>Nuestras casas de vacaciones en Mazarr\u00f3n ofrecen una base ideal para los amantes del sol, los amantes del borgo\u00f1a, los buscadores de paz y los amantes de la naturaleza. \u00a1Reserva hoy y descubre la versatilidad de esta fant\u00e1stica regi\u00f3n! <\/p>\t\t\t\t\t\t\t\t<\/div>\n\t\t\t\t<\/div>\n\t\t\t\t<div class=\"elementor-element elementor-element-2745c21 elementor-widget__width-auto elementor-mobile-align-justify elementor-widget-mobile__width-inherit elementor-widget elementor-widget-button\" data-id=\"2745c21\" data-element_type=\"widget\" data-e-type=\"widget\" data-widget_type=\"button.default\">\n\t\t\t\t<div class=\"elementor-widget-container\">\n\t\t\t\t\t\t\t\t\t<div class=\"elementor-button-wrapper\">\n\t\t\t\t\t<a class=\"elementor-button elementor-button-link elementor-size-md\" href=\"https:\/\/casascostacalida.com\/es\/casas-de-vacaciones\/\">\n\t\t\t\t\t\t<span class=\"elementor-button-content-wrapper\">\n\t\t\t\t\t\t\t\t\t<span class=\"elementor-button-text\">Ver las propiedades<\/span>\n\t\t\t\t\t<\/span>\n\t\t\t\t\t<\/a>\n\t\t\t\t<\/div>\n\t\t\t\t\t\t\t\t<\/div>\n\t\t\t\t<\/div>\n\t\t\t\t\t<\/div>\n\t\t<\/div>\n\t\t\t\t\t<\/div>\n\t\t<\/section>\n\t\t\t\t<\/div>\n\t\t","protected":false},"excerpt":{"rendered":"<p>La costa espa\u00f1ola, y en particular la Costa C\u00e1lida, es un lugar ideal para pasar el invierno. La temperatura en la Costa C\u00e1lida es muy agradable. La temperatura media durante todo el a\u00f1o es de 18,6 \u00baC. Gracias a las buenas condiciones clim\u00e1ticas, puedes disfrutar de la hermosa naturaleza de la zona durante todo el [&hellip;]<\/p>\n","protected":false},"author":1,"featured_media":0,"parent":0,"menu_order":0,"comment_status":"closed","ping_status":"closed","template":"","meta":{"footnotes":""},"class_list":["post-2895","page","type-page","status-publish","hentry"],"_links":{"self":[{"href":"https:\/\/casascostacalida.com\/es\/wp-json\/wp\/v2\/pages\/2895","targetHints":{"allow":["GET"]}}],"collection":[{"href":"https:\/\/casascostacalida.com\/es\/wp-json\/wp\/v2\/pages"}],"about":[{"href":"https:\/\/casascostacalida.com\/es\/wp-json\/wp\/v2\/types\/page"}],"author":[{"embeddable":true,"href":"https:\/\/casascostacalida.com\/es\/wp-json\/wp\/v2\/users\/1"}],"replies":[{"embeddable":true,"href":"https:\/\/casascostacalida.com\/es\/wp-json\/wp\/v2\/comments?post=2895"}],"version-history":[{"count":7,"href":"https:\/\/casascostacalida.com\/es\/wp-json\/wp\/v2\/pages\/2895\/revisions"}],"predecessor-version":[{"id":5709,"href":"https:\/\/casascostacalida.com\/es\/wp-json\/wp\/v2\/pages\/2895\/revisions\/5709"}],"wp:attachment":[{"href":"https:\/\/casascostacalida.com\/es\/wp-json\/wp\/v2\/media?parent=2895"}],"curies":[{"name":"wp","href":"https:\/\/api.w.org\/{rel}","templated":true}]}}

Invernar en España

<div data-elementor-type="wp-page" data-elementor-id="2895" class="elementor elementor-2895 elementor-1427" data-elementor-post-type="page">
						<section class="elementor-section elementor-top-section elementor-element elementor-element-fa5fcbb elementor-section-boxed elementor-section-height-default elementor-section-height-default" data-id="fa5fcbb" data-element_type="section" data-e-type="section" data-settings="{&quot;background_background&quot;:&quot;classic&quot;}">
							<div class="elementor-background-overlay"></div>
							<div class="elementor-container elementor-column-gap-default">
					<div class="elementor-column elementor-col-100 elementor-top-column elementor-element elementor-element-6f89845" data-id="6f89845" data-element_type="column" data-e-type="column">
			<div class="elementor-widget-wrap elementor-element-populated">
							</div>
		</div>
					</div>
		</section>
				<section class="elementor-section elementor-top-section elementor-element elementor-element-63aa3b4 elementor-section-boxed elementor-section-height-default elementor-section-height-default" data-id="63aa3b4" data-element_type="section" data-e-type="section">
						<div class="elementor-container elementor-column-gap-default">
					<div class="elementor-column elementor-col-100 elementor-top-column elementor-element elementor-element-db5bf12" data-id="db5bf12" data-element_type="column" data-e-type="column">
			<div class="elementor-widget-wrap elementor-element-populated">
						<div class="elementor-element elementor-element-d80b921 elementor-widget elementor-widget-text-editor" data-id="d80b921" data-element_type="widget" data-e-type="widget" data-widget_type="text-editor.default">
				<div class="elementor-widget-container">
									<p>La costa española, y en particular la Costa Cálida, es un lugar ideal para pasar el invierno. La temperatura en la Costa Cálida es muy agradable. La temperatura media durante todo el año es de 18,6 ºC. Gracias a las buenas condiciones climáticas, puedes disfrutar de la hermosa naturaleza de la zona durante todo el año. Desde las hermosas playas e impresionantes rocas hasta la belleza de la Sierra de Espuña. En Mazarrón y sus alrededores encontrarás los espacios naturales más bellos.     </p><p>Los amantes de la cultura también están en el lugar adecuado. Hay muchos lugares culturales maravillosos cerca de Mazarrón que merece la pena visitar. Desde Murcia, con todas sus influencias moriscas, hasta la ciudad portuaria de Cartagena, de 3.000 años de antigüedad.  </p><p>Escapa del frío de Holanda y disfruta del agradable clima.  <br>Pregunta por nuestras atractivas tarifas para estancias largas.</p>								</div>
				</div>
					</div>
		</div>
					</div>
		</section>
				<section class="elementor-section elementor-top-section elementor-element elementor-element-263945f elementor-section-boxed elementor-section-height-default elementor-section-height-default" data-id="263945f" data-element_type="section" data-e-type="section" data-settings="{&quot;background_background&quot;:&quot;classic&quot;}">
							<div class="elementor-background-overlay"></div>
							<div class="elementor-container elementor-column-gap-default">
					<div class="elementor-column elementor-col-100 elementor-top-column elementor-element elementor-element-01a6064" data-id="01a6064" data-element_type="column" data-e-type="column">
			<div class="elementor-widget-wrap elementor-element-populated">
						<div class="elementor-element elementor-element-dbc1aa9 elementor-widget elementor-widget-heading" data-id="dbc1aa9" data-element_type="widget" data-e-type="widget" data-widget_type="heading.default">
				<div class="elementor-widget-container">
					<h2 class="elementor-heading-title elementor-size-default">Reserva tu estancia</h2>				</div>
				</div>
				<div class="elementor-element elementor-element-b989b3d elementor-widget elementor-widget-text-editor" data-id="b989b3d" data-element_type="widget" data-e-type="widget" data-widget_type="text-editor.default">
				<div class="elementor-widget-container">
									<p>Nuestras casas de vacaciones en Mazarrón ofrecen una base ideal para los amantes del sol, los amantes del borgoña, los buscadores de paz y los amantes de la naturaleza. ¡Reserva hoy y descubre la versatilidad de esta fantástica región! </p>								</div>
				</div>
				<div class="elementor-element elementor-element-2745c21 elementor-widget__width-auto elementor-mobile-align-justify elementor-widget-mobile__width-inherit elementor-widget elementor-widget-button" data-id="2745c21" data-element_type="widget" data-e-type="widget" data-widget_type="button.default">
				<div class="elementor-widget-container">
									<div class="elementor-button-wrapper">
					<a class="elementor-button elementor-button-link elementor-size-md" href="https://casascostacalida.com/es/casas-de-vacaciones/">
						<span class="elementor-button-content-wrapper">
									<span class="elementor-button-text">Ver las propiedades</span>
					</span>
					</a>
				</div>
								</div>
				</div>
					</div>
		</div>
					</div>
		</section>
				</div>

<p>La costa española, y en particular la Costa Cálida, es un lugar ideal para pasar el invierno. La temperatura en la Costa Cálida es muy agradable. La temperatura media durante todo el año es de 18,6 ºC. Gracias a las buenas condiciones climáticas, puedes disfrutar de la hermosa naturaleza de la zona durante todo el [&hellip;]</p>
